- 23 - 17 = 0. Calculate the remainder when 67 is divided by (1 + 168/16)/(2/x).
21
Let l = -6294 + 6350. Calculate the remainder when 1898 is divided by l.
50
Let r(d) = -d**3 + 2*d**2 + 21*d + 171. Calculate the remainder when r(-6) is divided by 12.
9
Suppose -o - 2*z = -239, 365*o - 472 = 363*o - 3*z. Calculate the remainder when o is divided by 97.
33
Let j(l) = l**3 - 19*l**2 + 16*l + 97. What is the remainder when 732 is divided by j(18)?
0
Let z = -8658 + 8969. What is the remainder when z is divided by 67?
43
Let x = 136 + -36. Let i(t) = t**2 - 7*t - 2. Let r be i(8). Suppose r*z = 68 + x. Calculate the remainder when z is divided by 6.
4
Suppose 0 = 2*n - r - 203, -n - 2*r + 104 = -0*n. Let u = n - 39. Let v = 90 - u. Calculate the remainder when 107 is divided by v.
26
Let c be (8/3)/4 - (-77)/(-21). Let r be c/(-6)*2 + (-2)/2. Suppose -4*x + 5*x - 19 = r. Calculate the remainder when x is divided by 5.
4
Let l(w) = 7*w - 35. Let f be 7/2*432/84. Let y be l(f). Let u = 150 - y. What is the remainder when u is divided by 31?
28
Let b(o) = o**2 - 193*o - 2493. What is the remainder when b(-13) is divided by 93?
92
Suppose -3*v + 336 - 66 = 0. Suppose 5*i + f = 2*f + v, -i + 18 = -4*f. What is the remainder when 159 is divided by i?
15
Suppose 3574*t = 3576*t - 172. Let f = 97 - 176. Let n = t + f. Calculate the remainder when 25 is divided by n.
4
Let j(v) = -v**2 + 43*v - 216. Let t be j(38). Let o(a) = -a**2 - 28*a + 35. What is the remainder when o(t) is divided by 45?
42
Let m = -751 - -404. Let s = -336 - m. What is the remainder when 11 is divided by s?
0
Let u(f) = 39 - 2*f - 37*f**3 - 3 + 18*f**3 + 16*f**3. What is the remainder when 284 is divided by u(0)?
32
Let a(u) = -3687*u + 3707. Suppose n = 4*t - 126, -5*n = -2*t + 5*t - 83. Calculate the remainder when t is divided by a(1).
11
Let z be -249 + (-46)/207 + (-2)/(-9). Let y = 396 + z. What is the remainder when y is divided by 37?
36
Suppose b + 17 = -2*z + 4*b, 4*b = 5*z + 46. Let x(f) = f + 16. Let s = -180 - -215. What is the remainder when s is divided by x(z)?
5
Let r be -6 - (-131 + 4 + 6 + -5). Suppose 47*m = 35*m + r. Calculate the remainder when 64 is divided by m.
4
Calculate the remainder when 410 is divided by 15/4*56/(-12)*2436/(-1421).
20
Let f(h) = -3*h**2 - 82*h + 63. What is the remainder when 20 is divided by f(-28)?
6
Let u be 0 + -2 + 32/16. Suppose u*l + l - 5*z - 12 = 0, -4*l + 48 = 2*z. What is the remainder when 34 is divided by l?
10
Let r(v) = -2465*v - 9851. What is the remainder when r(-4) is divided by 1/3 + (-5)/(-3)?
1
Suppose d + 2*j + j - 1 = 0, 3*j = 0. Calculate the remainder when ((-814)/(-44))/(d - (-3)/(-4)) is divided by 19.
17
Suppose 5*c + 15 = -6*z + 2*z, -27 = 5*z - 2*c. What is the remainder when (z - 16)/7 - -27 is divided by 18?
6
Suppose -a + 3*z + 28 - 12 = 0, 6 = -4*a - 2*z. What is the remainder when a is divided by 1?
0
Let v(l) = 2*l**3 - 91*l**2 - 342*l + 41. Calculate the remainder when v(49) is divided by -2 - (-2)/(6/99).
28
Let a = 173 - 111. Suppose 11*n - 57 = 8*n. Let l = n + 14. What is the remainder when a is divided by l?
29
Let r = 146 + -73. Suppose 50 = 3*b + a - r, 205 = 5*b - 3*a. What is the remainder when 122 is divided by b?
40
Let r = 7922 + -7906. Calculate the remainder when 1166 is divided by r.
14
Let n(a) = -27*a - 4. Let d be n(3). What is the remainder when 13/(455/(-14))*d is divided by 2?
0
Let u = -168 - -254. Let h(t) = t**3 - 8*t**2 + 70*t - 391. Calculate the remainder when u is divided by h(7).
36
Let d(i) = 14*i**2 - 17*i - 3. Let k be d(6). Let w = -339 + k. What is the remainder when w is divided by 24?
12
Suppose 5*x + 16 = 2*i, 6 = 5*i - 8*i. Let g(u) = u**2 + 10*u + 35. Let r(c) = -2*c**3 - 3*c**2. Calculate the remainder when r(-5) is divided by g(x).
10
Let k = -473 + 478. Suppose 3*s + f = 64, 0 = -3*s + k*f + 139 - 45. Calculate the remainder when 66 is divided by s.
20
Let l(u) = -u**2 - 11*u + 8. Suppose j = -5*f + 505, 4*f + 101 - 514 = j. Calculate the remainder when f is divided by l(-10).
12
Let m = -23248 - -23602. What is the remainder when m is divided by 174?
6
Let u(n) = 2*n**2 + 103*n + 216. What is the remainder when u(-52) is divided by 63?
16
Let h(g) = g**2 - 13*g + 42. Let s be h(7). Suppose 6*r - 7*r - 4*t + 139 = 0, s = -r - t + 145. Calculate the remainder when r is divided by -10*(6/(-4) - 1).
22
Let u be 6*(1 + -4)*-3. Calculate the remainder when 71 is divided by u + 24/((-6)/(-1)).
13
Let z(x) = x**2 - 7*x. Let a(i) = -i**2 + 10*i + 1. Let f be a(9). Let t(w) = w**3 + 8*w**2 + w - 8. What is the remainder when t(-6) is divided by z(f)?
28
Suppose -34*s + 527 = -459. Calculate the remainder when 637 is divided by s.
28
Let c(s) = -45*s + 3975. What is the remainder when 10453 is divided by c(88)?
13
Let r = 81 - 73. Suppose -3*u + r*u - 325 = 0. Let o = u - -8. What is the remainder when o is divided by 39?
34
Let r(a) = -a**3 + 8*a**2 - 5*a - 7. Calculate the remainder when 84 + 0/(3 - -1) + 7 is divided by r(6).
21
Let m = -225 + -124. Let d = 395 + m. What is the remainder when d is divided by 18?
10
Suppose 2*d = 120 - 30. Let r = 53 - d. Calculate the remainder when 126 is divided by r.
6
Suppose 202 = -27*f + 418. Suppose 0 = -6*r + 4*r + 8. Suppose r*q = q + 66. What is the remainder when q is divided by f?
6
What is the remainder when (164 - 160)*237/2 is divided by 43?
1
Suppose 3*i = -9, 4*i - 34 - 26 = -2*z. Calculate the remainder when 2410 is divided by z.
34
What is the remainder when (-202*(-2)/(-8))/(((-4)/(-2))/(-8)) is divided by 12?
10
Let u(m) = 3*m**2 + m - 1. Let l be u(1). Let p = 2387 + -2401. Let n = l - p. What is the remainder when n is divided by 6?
5
Let d be ((-4)/(-3))/(3/(-216)). Let i = 232 + d. Suppose 0*c + 3*c = 2*f - 37, 0 = 5*f + 4*c - 127. Calculate the remainder when i is divided by f.
21
Let z = -200 - -205. Let t = 231 - 122. Calculate the remainder when t is divided by z.
4
Let c = -4220 + 4434. Calculate the remainder when 697 is divided by c.
55
Suppose -2*p = 2*t - 34, -3*p + 92 = 4*t - 7*p. Suppose -67*r - t = -72*r. Suppose 0 = 5*x - r*x - 26. What is the remainder when x is divided by 9?
8
Suppose 99 = -4*z + 19. Let k be (-1 + z)*30/(-18). Suppose -7*a - 5*q + k = -6*a, 4*a - 72 = -3*q. Calculate the remainder when 55 is divided by a.
10
Let k(q) = 199*q - 523. What is the remainder when 1329 is divided by k(3)?
71
Suppose -2*o + 10 = -o. Let q be (2/(-1))/(4/o). Let s(r) = r**3 + 7*r**2 - r - 4. What is the remainder when s(q) is divided by 18?
15
Suppose 5*p = 5*n - 25, 4*p = -4*n - p + 2. Suppose -357 = -n*s + g, 5*s - 525 = -5*g + 50. Calculate the remainder when s is divided by 31.
25
Let q(s) = -4*s - 5 - 30*s**2 + 29*s**2 - 2*s. Let l be q(-5). Suppose 11*r - 5*r - 48 = l. Calculate the remainder when 13 is divided by r.
5
Let b(r) = 27*r**2. Let f be b(-1). Let h be f + -1 + 9 + -4. Suppose -h - 5 = -2*n. Calculate the remainder when 35 is divided by n.
17
Let z be 1/(-2) + (-5742)/(-36). Suppose -z = -5*s + 3*h, -h = -3*s + 2*h + 93. Calculate the remainder when 62 is divided by s.
29
Let u = 72 + -62. Let n(m) = -m**3 + 19*m**2 + 23*m - 22. Calculate the remainder when n(20) is divided by u.
8
Let c(x) = 28*x**2 + 272*x + 32. What is the remainder when c(-10) is divided by 18?
4
Suppose 68 = 2*c - 40. Let w = -84 - -90. Calculate the remainder when c is divided by (-132)/(-9) + w/(-9) + 0.
12
Let r(f) = 26*f + 15. Let x(g) = g - 15. Let z be x(10). Let d(p) = -17*p - 10. Let q(k) = z*r(k) - 8*d(k). What is the remainder when 44 is divided by q(3)?
21
Let l(a) = a - 3. Let d be l(8). Let r(i) = 2*i - 5. What is the remainder when (45/20)/(-1*(-30)/160) is divided by r(d)?
2
Let w(t) be the second derivative of 1/12*t**4 + 2*t + 17/2*t**2 + 8/3*t**3 + 0. Calculate the remainder when 49 is divided by w(-16).
15
Let n be (-4)/(-34) + 3 + 508/17. Let r = n + -33. Suppose -7*u - b = -3*u - 44, -2*u - 5*b + 22 = r. What is the remainder when 21 is divided by u?
10
Calculate the remainder when 360 is divided by (-10)/30*-24 - (2 - 6).
0
Suppose 3*i + 3916 = 45*i + 47*i. What is the remainder when i is divided by (3 + -2)/((-2)/(-28))?
2
Suppose -2*r + 103 = b, -3*r - b + 52 = -2*r. Suppose 132 = 4